the highest common divisor of l and n?
1
Let v = 22 - 18. Calculate the greatest common divisor of v and 1.
1
Suppose -10 = -g - h + 3, 0 = -4*g - 2*h + 42. Let o = -5 + g. Suppose 80 = 4*t - 2*m, 59 = 3*t - m - m. Calculate the highest common divisor of o and t.
3
Let p = 1 + -1. Suppose p*m = m - 8. What is the greatest common divisor of 16 and m?
8
Let l(v) = v**3 + 4*v**2 + v + 2. Let c be ((-6)/2 - 1)/2. Let u be l(c). Let x = 100 + -60. What is the greatest common factor of x and u?
8
Let x(j) = -j**3 + 9*j**2 + 10*j - 10. Let d be x(9). Suppose -g = 3*g - d. What is the greatest common divisor of g and 220?
20
Suppose z + z = 150. Let w(q) = q**2 - 9*q - 1. Let x be w(10). Let k be 4/6 + 129/x. Calculate the greatest common divisor of z and k.
15
Suppose -h + 6*h = 10. Suppose 162 = 3*x + 4*y, -3*y = -7 - h. What is the greatest common divisor of 10 and x?
10
Let b(p) = -p**2 + 6*p - 5. Let w be b(5). Suppose 2*q - 6*q + 40 = w. Calculate the greatest common factor of q and 110.
10
Let x(j) = 2*j**2 - j - 1. Let q be x(3). Let z be (-3)/(1/(42/(-9))). Calculate the greatest common divisor of z and q.
14
Let o = 37 - 22. What is the highest common divisor of o and 30?
15
Let x = 10 - 0. Let s(z) = -69*z + 1. Let a be s(-1). Calculate the greatest common divisor of a and x.
10
Suppose 3*l = 2*l + 161. Suppose -4*w + l = -39. Calculate the highest common divisor of 20 and w.
10
Let c(r) = -77*r + 6. Let p be c(-2). Calculate the highest common divisor of 20 and p.
20
Suppose 3*d - 384 = -4*w + w, 3*d + 276 = 2*w. Calculate the greatest common divisor of 12 and w.
12
Let w = 157 - 153. What is the highest common divisor of w and 6?
2
Suppose 2*z + 0*z - 340 = 0. Calculate the highest common divisor of 17 and z.
17
Suppose -7*n + 440 = -2*n. Let w(a) = a**3 + 7*a**2 + 4*a - 1. Let r be w(-6). What is the highest common divisor of n and r?
11
Let v be 4/14 - (-3)/(-21)*-614. Let k be (0 - 33)*30/(-9). Suppose -z = -5*a - 0*z + k, 0 = 2*z. Calculate the greatest common divisor of a and v.
22
Let n = 40 - -38. Calculate the highest common factor of n and 6.
6
Suppose 0 = -q + 7 + 18. Suppose -3*b + 5 = -2*b. What is the highest common divisor of b and q?
5
Let n(k) = k**2 + 8*k - 42. Let a be n(-12). What is the greatest common divisor of a and 138?
6
Let t(q) = -12*q + 1 + 5 + q. Let u be t(-6). Calculate the greatest common divisor of 8 and u.
8
Suppose 8*y - 25 = 3*y. What is the greatest common divisor of 25 and y?
5
Let u(w) = 7*w**2 - 7*w + 4. Let x be u(4). What is the highest common factor of 22 and x?
22
Suppose 0 = 6*w - 4*w - 14. Suppose -5 = -4*k + 15. Suppose 8*x - 29 = 3*x - 4*h, -3*x - k*h = -w. What is the greatest common divisor of 6 and x?
3
Suppose -35 = -4*g - 3*o, -2*g - 5*o - 19 = -5*g. Suppose 4*q - g*q = -8. Suppose 0 = -q*k + 34 + 120. What is the highest common factor of k and 7?
7
Suppose 6*n - 651 = n - 3*t, 2*n + 2*t = 258. Let o be 16 + (-4)/2 + -2. Calculate the highest common factor of o and n.
12
Let y(a) = 3*a**2 - a - 3. Let h be y(3). Let m = 20 - -22. Calculate the greatest common divisor of m and h.
21
Suppose 0 = 4*v + v - 75. Let g = v - 6. What is the highest common factor of g and 18?
9
Let r(z) = z + 1. Let l be r(4). Suppose 2*m - l*a - 13 = 0, 0*m + 10 = 2*m - 2*a. Suppose o + 231 = m*o. Calculate the highest common divisor of o and 7.
7
Suppose -5*v + 203 = 3*g - 2*g, 2*v = -5*g + 95. What is the greatest common divisor of 60 and v?
20
Let w(g) = -g**2 + 9*g + 6. Let r be w(7). Calculate the highest common factor of 50 and r.
10
Let w be (-13)/26 + ((-289)/2)/(-1). What is the highest common divisor of 16 and w?
16
Let p(b) = b - 7. Let x be p(15). What is the highest common divisor of 8 and x?
8
Let y = -87 - -159. Let t = 30 + -3. Let h = t + -18. Calculate the highest common factor of h and y.
9
Suppose 0*u - 3*u = -2*i - 10, -i + 34 = 5*u. Let p be u - 6 - 60/(-1). Calculate the highest common divisor of 24 and p.
12
Let j be 66/15 - 2/5. Calculate the greatest common divisor of 8 and j.
4
Suppose -a + 6 = 5*k - 17, a = -k + 15. Let f(m) = m**2 - 14*m + 26. Let u be f(13). Calculate the greatest common factor of a and u.
13
Let r be 0 + -4 + (147 - 11). Calculate the highest common factor of r and 33.
33
Suppose -4*m + 568 = -2*m. Suppose l = 0, 4*f - m = -5*l + 24. Let g(p) = p**2 - 5. Let b be g(4). Calculate the greatest common divisor of f and b.
11
Let h be (-3)/(-2)*(-494)/(-57). Calculate the highest common factor of h and 52.
13
Let g be 11 + -16 + (59 - -4) + -3. Let x be -4 + 2 + 24/1. Suppose -r + 2*r = 4*o + x, 3*r = -o + 66. What is the greatest common divisor of r and g?
11
Let a be (-6 - 1)/(65/33 - 2). Calculate the highest common factor of 21 and a.
21
Let n be (-1)/5 - (-1022)/10. Let t be n/27 - 2/(-9). Suppose -44 + 4 = -t*b. Calculate the highest common factor of b and 4.
2
Suppose 24 = 5*j - 21. What is the highest common divisor of 72 and j?
9
Let q be ((-9)/5)/(18/(-120)). What is the highest common factor of 60 and q?
12
Let u(a) = 47*a**2 - 4*a - 6. Let n be u(5). Let y = n - 624. Suppose -4*l = l - y. Calculate the greatest common divisor of l and 15.
15
Let v be -4 - (-5 + 1 - -1) - -14. What is the greatest common factor of 117 and v?
13
Let j = -9 + 15. Let z be (-1)/(3/j) + 17. Calculate the greatest common factor of z and 60.
15
Let x(r) = 2*r**2 - 8*r - 8. Let v be x(-4). Calculate the highest common factor of 14 and v.
14
Let v = 235 - 125. Suppose 55 = 8*o - 3*o. What is the greatest common factor of v and o?
11
Let k be ((-6)/(-6))/(2/144). What is the greatest common factor of k and 12?
12
Let h = 0 - -11. What is the greatest common factor of 88 and h?
11
Let j be (2/5)/((-14)/(-385)). Calculate the greatest common divisor of 1 and j.
1
Let c be 75/1 - (-6)/(5 - 2). Calculate the highest common divisor of c and 22.
11
Let f(o) = 3*o**2 + 2*o + 4. Let k be f(-3). Calculate the highest common divisor of 10 and k.
5
Let j be 4 + (-3)/((-9)/6). Let c(x) = -j + 6 + 4*x + 3*x**2. Let t be c(-5). Calculate the greatest common divisor of 11 and t.
11
Suppose -53 = 5*k + 2. Let s = k + 28. What is the highest common divisor of 119 and s?
17
Let f be (152/(-36) - -4) + 544/18. Suppose -4*b + 3 = -3*b. Calculate the highest common divisor of f and b.
3
Let k be (-1)/((8/34)/4). Let t be -18 - k - -1*64. What is the highest common factor of 7 and t?
7
Let t = -36 - -64. Calculate the greatest common factor of t and 4.
4
Let x(v) = -12*v. Let p be x(-10). What is the greatest common factor of 15 and p?
15
Suppose 2*l = 5*l - 9. Suppose 5*i = -l*g + 547, 2*g = -3*i - 0*g + 328. What is the greatest common divisor of i and 10?
10
Let t(m) = 3*m**2 + 6*m + 3. Let c be t(-2). What is the highest common divisor of c and 1?
1
Let u(i) = -i**3 - 5*i**2 + 10*i + 2. Let g be u(-7). Let l be 3 - (-1 - 8 - -2). What is the highest common factor of g and l?
10
Let v be -3 + 3 + (-1 - -1). Suppose v = 3*n + 147 - 1443. Suppose -2*l + n = l. What is the greatest common factor of l and 16?
16
Let n be (-5)/((-10)/36) - 2. What is the highest common factor of 2 and n?
2
Let s be 56/5 + (-1 + -6)/35. What is the highest common factor of 1 and s?
1
Let i(w) = w**2 + 4*w + 5. Let l(p) = -p - 5. Let t be l(-9). Let k be 1 - 0 - 2*t. Let z be i(k). What is the highest common factor of 13 and z?
13
Suppose -40 = -t + 25. What is the greatest common divisor of t and 13?
13
Suppose -3*g - g + 4*v + 448 = 0, 5*g + 4*v - 605 = 0. What is the highest common factor of 13 and g?
13
Let f = -1 + 3. Suppose 3*w - 2*w - 173 = -f*r, -5*w = -5*r + 410. What is the greatest common divisor of r and 34?
17
Let y = -7 - -9. Suppose -6 = -2*k - k. Suppose -b + 10 = b + y*q, b + k*q = 9. What is the greatest common factor of b and 9?
1
Suppose -v = 4*j + 3*v - 172, 0 = -2*v - 4. What is the greatest common divisor of j and 15?
15
Let i = 37 - 13. Calculate the highest common factor of 36 and i.
12
Let n(k) = -k**3 + 11*k**2 - 2*k + 9. Let m be n(9). Calculate the highest common divisor of m and 17.
17
Let b be (-27)/6*28/(-6). Suppose 5*n - 3*y + 1 = -b, -4*n - y = 4. Let p = 1 - n. Calculate the greatest common factor of 15 and p.
3
Let a(c) = -c**2 + 7*c + 2. Let z be a(7). Suppose p = y + z, -p - 4*y =